{"id":39,"date":"2023-05-05T10:08:59","date_gmt":"2023-05-05T13:08:59","guid":{"rendered":"http:\/\/172.16.0.170\/tainacan\/?page_id=39"},"modified":"2024-10-08T15:09:54","modified_gmt":"2024-10-08T18:09:54","slug":"pagina-inicial-de-teste-de-tainacan","status":"publish","type":"page","link":"https:\/\/nepec.cavg.ifsul.edu.br\/","title":{"rendered":"REPOSIT\u00d3RIO VIRTUAL CENTRO DE MEM\u00d3RIA DO NEPEC"},"content":{"rendered":"\n<div class=\"wp-block-group alignfull is-layout-constrained wp-container-core-group-is-layout-23b1a4dc wp-block-group-is-layout-constrained\" style=\"padding-top:var(--wp--preset--spacing--30);padding-right:var(--wp--preset--spacing--30);padding-bottom:var(--wp--preset--spacing--30);padding-left:var(--wp--preset--spacing--30)\"><\/div>\n\n\n\n<div class=\"wp-block-group alignfull has-background-color has-white-color has-black-background-color has-text-color has-background has-link-color wp-elements-10147a87f12b83a07df846427bbaee08 is-layout-constrained wp-container-core-group-is-layout-23b1a4dc wp-block-group-is-layout-constrained\" style=\"padding-top:var(--wp--preset--spacing--30);padding-right:var(--wp--preset--spacing--30);padding-bottom:var(--wp--preset--spacing--30);padding-left:var(--wp--preset--spacing--30)\">\n<div class=\"wp-block-group alignwide is-content-justification-space-between is-layout-flex wp-container-core-group-is-layout-b585a4aa wp-block-group-is-layout-flex\">\n<div class=\"wp-block-group is-layout-flex wp-block-group-is-layout-flex\">\n\n<h1 class=\"has-link-color wp-elements-f1e98d6c897e424c7d4e8232ded39f0a wp-block-site-title\"><a href=\"https:\/\/nepec.cavg.ifsul.edu.br\" target=\"_self\" rel=\"home\">VG-Tainacan<\/a><\/h1><\/div>\n\n\n\n<div class=\"wp-block-group is-layout-flex wp-block-group-is-layout-flex\"><nav class=\"is-responsive items-justified-right wp-block-navigation is-content-justification-right is-layout-flex wp-container-core-navigation-is-layout-f665d2b5 wp-block-navigation-is-layout-flex\" aria-label=\"COLE\u00c7\u00d5ES E REPOSIT\u00d3RIOS\" \n\t\t data-wp-interactive=\"core\/navigation\" data-wp-context='{\"overlayOpenedBy\":{\"click\":false,\"hover\":false,\"focus\":false},\"type\":\"overlay\",\"roleAttribute\":\"\",\"ariaLabel\":\"Menu\"}'><button aria-haspopup=\"dialog\" aria-label=\"Abrir menu\" class=\"wp-block-navigation__responsive-container-open\" \n\t\t\t\tdata-wp-on--click=\"actions.openMenuOnClick\"\n\t\t\t\tdata-wp-on--keydown=\"actions.handleMenuKeydown\"\n\t\t\t><svg width=\"24\" height=\"24\" xmlns=\"http:\/\/www.w3.org\/2000\/svg\" viewBox=\"0 0 24 24\" aria-hidden=\"true\" focusable=\"false\"><path d=\"M4 7.5h16v1.5H4z\"><\/path><path d=\"M4 15h16v1.5H4z\"><\/path><\/svg><\/button>\n\t\t\t\t<div class=\"wp-block-navigation__responsive-container\"  id=\"modal-1\" \n\t\t\t\tdata-wp-class--has-modal-open=\"state.isMenuOpen\"\n\t\t\t\tdata-wp-class--is-menu-open=\"state.isMenuOpen\"\n\t\t\t\tdata-wp-watch=\"callbacks.initMenu\"\n\t\t\t\tdata-wp-on--keydown=\"actions.handleMenuKeydown\"\n\t\t\t\tdata-wp-on--focusout=\"actions.handleMenuFocusout\"\n\t\t\t\ttabindex=\"-1\"\n\t\t\t>\n\t\t\t\t\t<div class=\"wp-block-navigation__responsive-close\" tabindex=\"-1\">\n\t\t\t\t\t\t<div class=\"wp-block-navigation__responsive-dialog\" \n\t\t\t\tdata-wp-bind--aria-modal=\"state.ariaModal\"\n\t\t\t\tdata-wp-bind--aria-label=\"state.ariaLabel\"\n\t\t\t\tdata-wp-bind--role=\"state.roleAttribute\"\n\t\t\t>\n\t\t\t\t\t\t\t<button aria-label=\"Fechar menu\" class=\"wp-block-navigation__responsive-container-close\" \n\t\t\t\tdata-wp-on--click=\"actions.closeMenuOnClick\"\n\t\t\t><svg xmlns=\"http:\/\/www.w3.org\/2000\/svg\" viewBox=\"0 0 24 24\" width=\"24\" height=\"24\" aria-hidden=\"true\" focusable=\"false\"><path d=\"m13.06 12 6.47-6.47-1.06-1.06L12 10.94 5.53 4.47 4.47 5.53 10.94 12l-6.47 6.47 1.06 1.06L12 13.06l6.47 6.47 1.06-1.06L13.06 12Z\"><\/path><\/svg><\/button>\n\t\t\t\t\t\t\t<div class=\"wp-block-navigation__responsive-container-content\" \n\t\t\t\tdata-wp-watch=\"callbacks.focusFirstElement\"\n\t\t\t id=\"modal-1-content\">\n\t\t\t\t\t\t\t\t<ul class=\"wp-block-navigation__container is-responsive items-justified-right wp-block-navigation\"><li class=\" wp-block-navigation-item wp-block-navigation-link\"><a class=\"wp-block-navigation-item__content\"  href=\"https:\/\/nepec.cavg.ifsul.edu.br\/index.php\/audiovisual\/\"><span class=\"wp-block-navigation-item__label\">Audiovisual<\/span><\/a><\/li><li class=\" wp-block-navigation-item wp-block-navigation-link\"><a class=\"wp-block-navigation-item__content\"  href=\"https:\/\/nepec.cavg.ifsul.edu.br\/index.php\/bandeiras-e-flamulas\/\"><span class=\"wp-block-navigation-item__label\">Bandeiras e fl\u00e2mulas<\/span><\/a><\/li><li class=\" wp-block-navigation-item wp-block-navigation-link\"><a class=\"wp-block-navigation-item__content\"  href=\"https:\/\/nepec.cavg.ifsul.edu.br\/index.php\/documentos\/\"><span class=\"wp-block-navigation-item__label\">Documentos<\/span><\/a><\/li><li class=\" wp-block-navigation-item wp-block-navigation-link\"><a class=\"wp-block-navigation-item__content\"  href=\"https:\/\/nepec.cavg.ifsul.edu.br\/index.php\/imagens\/\"><span class=\"wp-block-navigation-item__label\">Imagens<\/span><\/a><\/li><li class=\" wp-block-navigation-item wp-block-navigation-link\"><a class=\"wp-block-navigation-item__content\"  href=\"https:\/\/nepec.cavg.ifsul.edu.br\/index.php\/mobiliario\/\"><span class=\"wp-block-navigation-item__label\">Mobili\u00e1rio<\/span><\/a><\/li><li class=\" wp-block-navigation-item wp-block-navigation-link\"><a class=\"wp-block-navigation-item__content\"  href=\"https:\/\/nepec.cavg.ifsul.edu.br\/index.php\/objetos\/\"><span class=\"wp-block-navigation-item__label\">Objetos<\/span><\/a><\/li><li class=\" wp-block-navigation-item wp-block-navigation-link\"><a class=\"wp-block-navigation-item__content\"  href=\"https:\/\/nepec.cavg.ifsul.edu.br\/index.php\/vestuario\/\"><span class=\"wp-block-navigation-item__label\">Vestu\u00e1rio e uniformes<\/span><\/a><\/li><\/ul>\n\t\t\t\t\t\t\t<\/div>\n\t\t\t\t\t\t<\/div>\n\t\t\t\t\t<\/div>\n\t\t\t\t<\/div><\/nav><\/div>\n<\/div>\n<\/div>\n\n\n\n<div class=\"wp-block-query is-layout-flow wp-block-query-is-layout-flow\"><ul class=\"wp-block-post-template is-layout-flow wp-block-post-template-is-layout-flow\"><li class=\"wp-block-post post-25 tnc_col_11_item type-tnc_col_11_item status-publish format-standard has-post-thumbnail hentry\">\n\n<div class=\"wp-block-group alignwide is-layout-constrained wp-block-group-is-layout-constrained\">\n<div class=\"wp-block-columns alignwide is-layout-flex wp-container-core-columns-is-layout-28f84493 wp-block-columns-is-layout-flex\">\n<div class=\"wp-block-column is-layout-flow wp-block-column-is-layout-flow\" style=\"flex-basis:66.66%\">\n<div class=\"wp-block-group is-layout-constrained wp-block-group-is-layout-constrained\"><\/div>\n\n\n\n<div class=\"wp-block-group is-layout-constrained wp-block-group-is-layout-constrained\">\n<div class=\"wp-block-group is-layout-constrained wp-block-group-is-layout-constrained\">\n<div class=\"wp-block-columns is-layout-flex wp-container-core-columns-is-layout-28f84493 wp-block-columns-is-layout-flex\">\n<div class=\"wp-block-column is-layout-flow wp-block-column-is-layout-flow\" style=\"flex-basis:100%\">\n<div class=\"wp-block-columns is-layout-flex wp-container-core-columns-is-layout-28f84493 wp-block-columns-is-layout-flex\">\n<div class=\"wp-block-column is-vertically-aligned-top is-layout-flow wp-block-column-is-layout-flow\" style=\"flex-basis:100%\">\n<figure class=\"wp-block-gallery alignleft has-nested-images columns-default is-cropped wp-block-gallery-2 is-layout-flex wp-block-gallery-is-layout-flex\">\n<figure class=\"wp-block-image aligncenter size-large is-style-default\"><img loading=\"lazy\" decoding=\"async\" width=\"2048\" height=\"1280\" data-id=\"171\" src=\"https:\/\/nepec.cavg.ifsul.edu.br\/wp-content\/uploads\/2023\/07\/22769614_1781460695199504_3405177232789858901_o-edited.jpg\" alt=\"\" class=\"wp-image-171\" srcset=\"https:\/\/nepec.cavg.ifsul.edu.br\/wp-content\/uploads\/2023\/07\/22769614_1781460695199504_3405177232789858901_o-edited.jpg 2048w, https:\/\/nepec.cavg.ifsul.edu.br\/wp-content\/uploads\/2023\/07\/22769614_1781460695199504_3405177232789858901_o-edited-300x188.jpg 300w, https:\/\/nepec.cavg.ifsul.edu.br\/wp-content\/uploads\/2023\/07\/22769614_1781460695199504_3405177232789858901_o-edited-1024x640.jpg 1024w, https:\/\/nepec.cavg.ifsul.edu.br\/wp-content\/uploads\/2023\/07\/22769614_1781460695199504_3405177232789858901_o-edited-768x480.jpg 768w, https:\/\/nepec.cavg.ifsul.edu.br\/wp-content\/uploads\/2023\/07\/22769614_1781460695199504_3405177232789858901_o-edited-1536x960.jpg 1536w, https:\/\/nepec.cavg.ifsul.edu.br\/wp-content\/uploads\/2023\/07\/22769614_1781460695199504_3405177232789858901_o-edited-205x128.jpg 205w, https:\/\/nepec.cavg.ifsul.edu.br\/wp-content\/uploads\/2023\/07\/22769614_1781460695199504_3405177232789858901_o-edited-480x300.jpg 480w\" sizes=\"auto, (max-width: 2048px) 100vw, 2048px\" \/><\/figure>\n<\/figure>\n<\/div>\n<\/div>\n<\/div>\n<\/div>\n<\/div>\n\n\n\n<figure class=\"wp-block-image size-large\"><img loading=\"lazy\" decoding=\"async\" width=\"1024\" height=\"577\" src=\"https:\/\/nepec.cavg.ifsul.edu.br\/wp-content\/uploads\/2023\/07\/WhatsApp-Image-2023-06-30-at-16.15.28-1024x577.jpeg\" alt=\"\" class=\"wp-image-193\" srcset=\"https:\/\/nepec.cavg.ifsul.edu.br\/wp-content\/uploads\/2023\/07\/WhatsApp-Image-2023-06-30-at-16.15.28-1024x577.jpeg 1024w, https:\/\/nepec.cavg.ifsul.edu.br\/wp-content\/uploads\/2023\/07\/WhatsApp-Image-2023-06-30-at-16.15.28-300x169.jpeg 300w, https:\/\/nepec.cavg.ifsul.edu.br\/wp-content\/uploads\/2023\/07\/WhatsApp-Image-2023-06-30-at-16.15.28-768x432.jpeg 768w, https:\/\/nepec.cavg.ifsul.edu.br\/wp-content\/uploads\/2023\/07\/WhatsApp-Image-2023-06-30-at-16.15.28-1536x865.jpeg 1536w, https:\/\/nepec.cavg.ifsul.edu.br\/wp-content\/uploads\/2023\/07\/WhatsApp-Image-2023-06-30-at-16.15.28-205x115.jpeg 205w, https:\/\/nepec.cavg.ifsul.edu.br\/wp-content\/uploads\/2023\/07\/WhatsApp-Image-2023-06-30-at-16.15.28-480x270.jpeg 480w, https:\/\/nepec.cavg.ifsul.edu.br\/wp-content\/uploads\/2023\/07\/WhatsApp-Image-2023-06-30-at-16.15.28.jpeg 1600w\" sizes=\"auto, (max-width: 1024px) 100vw, 1024px\" \/><\/figure>\n\n\n\n<div class=\"wp-block-group is-layout-constrained wp-block-group-is-layout-constrained\">\n<div class=\"wp-block-columns is-layout-flex wp-container-core-columns-is-layout-28f84493 wp-block-columns-is-layout-flex\">\n<div class=\"wp-block-column is-layout-flow wp-block-column-is-layout-flow\" style=\"flex-basis:100%\">\n<p><\/p>\n<\/div>\n<\/div>\n<\/div>\n<\/div>\n\n\n\n<blockquote class=\"wp-block-quote is-layout-flow wp-block-quote-is-layout-flow\">\n<p>Aproximamo-nos daqueles e daquelas que, mesmo com nome pr\u00f3prio, ainda permanecem an\u00f4nimos e an\u00f4nimas em uma narrativa inscrita como \u201chist\u00f3ria oficial\u201d. Nos move a busca pela possibilidade de atua\u00e7\u00e3o em uma hist\u00f3ria que se faz na dire\u00e7\u00e3o contr\u00e1ria, a contrapelo.<\/p>\n<\/blockquote>\n<\/div>\n\n\n\n<div class=\"wp-block-column is-layout-flow wp-block-column-is-layout-flow\" style=\"flex-basis:33.33%\">\n<p class=\"has-text-align-left\"><strong>QUEM SOMOS&#8230;<\/strong><\/p>\n\n\n\n<p class=\"has-text-align-right\">O&nbsp;<strong>N\u00facleo de Extens\u00e3o e Pesquisa em Educa\u00e7\u00e3o, Mem\u00f3ria e Cultura-NEPEC&nbsp;<\/strong>consolida-se como espa\u00e7o de pesquisa e extens\u00e3o na \u00e1rea de ci\u00eancias humanas, em di\u00e1logo entre educa\u00e7\u00e3o, mem\u00f3ria e cultura, no contexto da educa\u00e7\u00e3o profissional e tecnol\u00f3gica. Buscamos as vozes e os rostos dos grupos que vivenciaram a hist\u00f3ria da educa\u00e7\u00e3o profissional e tecnol\u00f3gica brasileira, tendo como foco a educa\u00e7\u00e3o agr\u00edcola e o centen\u00e1rio C\u00e2mpus Pelotas Visconde Gra\u00e7a ( CaVG) do Instituto Federal de Educa\u00e7\u00e3o, Ci\u00eancia e Tecnologia Sul-Rio-grandense (IFSul), inaugurado em 1923 como Patronato Agr\u00edcola Visconde da Gra\u00e7a. Na salvaguarda e pesquisa junto ao acervo do CaVG, e em uma cr\u00edtica que atravessa classe, g\u00eanero e ra\u00e7a, entendemos que as vidas dos sujeitos que por aqui passaram durante um s\u00e9culo, n\u00e3o foram suficientemente contadas.<\/p>\n<\/div>\n<\/div>\n<\/div>\n\n<\/li><\/ul><\/div>\n\n\n\n<div class=\"wp-block-group is-layout-flow wp-block-group-is-layout-flow\" style=\"padding-top:30px;padding-right:30px;padding-bottom:30px;padding-left:30px\">\n<div class=\"wp-block-columns is-layout-flex wp-container-core-columns-is-layout-28f84493 wp-block-columns-is-layout-flex\">\n<div class=\"wp-block-column is-layout-flow wp-block-column-is-layout-flow\" style=\"flex-basis:50%\">\n<div class=\"wp-block-query is-layout-flow wp-block-query-is-layout-flow\"><ul class=\"columns-3 wp-block-post-template is-layout-grid wp-container-core-post-template-is-layout-6d3fbd8f wp-block-post-template-is-layout-grid\"><li class=\"wp-block-post post-133 tainacan-collection type-tainacan-collection status-publish has-post-thumbnail hentry\">\n\n<div class=\"wp-block-group is-layout-flow wp-block-group-is-layout-flow\" style=\"padding-top:30px;padding-right:30px;padding-bottom:30px;padding-left:30px\"><h2 class=\"wp-block-post-title\"><a href=\"https:\/\/nepec.cavg.ifsul.edu.br\/index.php\/bandeiras-e-flamulas\/\" target=\"_self\" >Bandeiras e fl\u00e2mulas<\/a><\/h2>\n\n<div class=\"wp-block-post-excerpt\"><p class=\"wp-block-post-excerpt__excerpt\">Cole\u00e7\u00e3o de objetos que integraram coletivos como Gr\u00eamio Estudantil, CTG e banda marcial existente em diferentes per\u00edodos hist\u00f3ricos da institui\u00e7\u00e3o. <\/p><\/div>\n\n<div class=\"wp-block-post-date\"><time datetime=\"2023-07-29T21:45:52-03:00\">29\/07\/2023<\/time><\/div><\/div>\n\n<\/li><li class=\"wp-block-post post-132 tainacan-collection type-tainacan-collection status-publish has-post-thumbnail hentry\">\n\n<div class=\"wp-block-group is-layout-flow wp-block-group-is-layout-flow\" style=\"padding-top:30px;padding-right:30px;padding-bottom:30px;padding-left:30px\"><h2 class=\"wp-block-post-title\"><a href=\"https:\/\/nepec.cavg.ifsul.edu.br\/index.php\/vestuario\/\" target=\"_self\" >Uniformes<\/a><\/h2>\n\n<div class=\"wp-block-post-excerpt\"><p class=\"wp-block-post-excerpt__excerpt\">Cole\u00e7\u00e3o de pe\u00e7as de vestu\u00e1rio que compuseram em determinado per\u00edodo hist\u00f3rico os itens da banda marcial do C\u00e2mpus Pelotas &#8211; Visconde da Gra\u00e7a. <\/p><\/div>\n\n<div class=\"wp-block-post-date\"><time datetime=\"2023-07-29T21:45:52-03:00\">29\/07\/2023<\/time><\/div><\/div>\n\n<\/li><li class=\"wp-block-post post-130 tainacan-collection type-tainacan-collection status-publish hentry\">\n\n<div class=\"wp-block-group is-layout-flow wp-block-group-is-layout-flow\" style=\"padding-top:30px;padding-right:30px;padding-bottom:30px;padding-left:30px\"><h2 class=\"wp-block-post-title\"><a href=\"https:\/\/nepec.cavg.ifsul.edu.br\/index.php\/mobiliario\/\" target=\"_self\" >Mobili\u00e1rio<\/a><\/h2>\n\n<div class=\"wp-block-post-excerpt\"><p class=\"wp-block-post-excerpt__excerpt\"> <\/p><\/div>\n\n<div class=\"wp-block-post-date\"><time datetime=\"2023-07-29T21:45:51-03:00\">29\/07\/2023<\/time><\/div><\/div>\n\n<\/li><li class=\"wp-block-post post-129 tainacan-collection type-tainacan-collection status-publish has-post-thumbnail hentry\">\n\n<div class=\"wp-block-group is-layout-flow wp-block-group-is-layout-flow\" style=\"padding-top:30px;padding-right:30px;padding-bottom:30px;padding-left:30px\"><h2 class=\"wp-block-post-title\"><a href=\"https:\/\/nepec.cavg.ifsul.edu.br\/index.php\/imagens\/\" target=\"_self\" >Cole\u00e7\u00e3o de fotografias<\/a><\/h2>\n\n<div class=\"wp-block-post-excerpt\"><p class=\"wp-block-post-excerpt__excerpt\">Conjunto de imagens e v\u00eddeos <\/p><\/div>\n\n<div class=\"wp-block-post-date\"><time datetime=\"2023-07-29T21:45:51-03:00\">29\/07\/2023<\/time><\/div><\/div>\n\n<\/li><li class=\"wp-block-post post-128 tainacan-collection type-tainacan-collection status-publish hentry\">\n\n<div class=\"wp-block-group is-layout-flow wp-block-group-is-layout-flow\" style=\"padding-top:30px;padding-right:30px;padding-bottom:30px;padding-left:30px\"><h2 class=\"wp-block-post-title\"><a href=\"https:\/\/nepec.cavg.ifsul.edu.br\/index.php\/objetos\/\" target=\"_self\" >Objetos<\/a><\/h2>\n\n<div class=\"wp-block-post-excerpt\"><p class=\"wp-block-post-excerpt__excerpt\"> <\/p><\/div>\n\n<div class=\"wp-block-post-date\"><time datetime=\"2023-07-29T21:45:51-03:00\">29\/07\/2023<\/time><\/div><\/div>\n\n<\/li><li class=\"wp-block-post post-101 tainacan-collection type-tainacan-collection status-publish hentry\">\n\n<div class=\"wp-block-group is-layout-flow wp-block-group-is-layout-flow\" style=\"padding-top:30px;padding-right:30px;padding-bottom:30px;padding-left:30px\"><h2 class=\"wp-block-post-title\"><a href=\"https:\/\/nepec.cavg.ifsul.edu.br\/index.php\/audiovisual\/\" target=\"_self\" >Audiovisual<\/a><\/h2>\n\n<div class=\"wp-block-post-excerpt\"><p class=\"wp-block-post-excerpt__excerpt\"> <\/p><\/div>\n\n<div class=\"wp-block-post-date\"><time datetime=\"2023-07-29T21:33:26-03:00\">29\/07\/2023<\/time><\/div><\/div>\n\n<\/li><\/ul><\/div>\n<\/div>\n\n\n\n<div class=\"wp-block-column is-layout-flow wp-block-column-is-layout-flow\" style=\"flex-basis:50%\"><\/div>\n<\/div>\n<\/div>\n\n\n\n<div class=\"wp-block-cover alignfull\"><span aria-hidden=\"true\" class=\"wp-block-cover__background has-background-dim-100 has-background-dim\" style=\"background-color:#01295c\"><\/span><div class=\"wp-block-cover__inner-container is-layout-flow wp-block-cover-is-layout-flow\">\n<div class=\"wp-block-group is-layout-constrained wp-block-group-is-layout-constrained\">\n<div class=\"wp-block-columns has-text-color is-layout-flex wp-container-core-columns-is-layout-08efaafb wp-block-columns-is-layout-flex\" style=\"color:#ffffff\">\n<div class=\"wp-block-column is-layout-flow wp-container-core-column-is-layout-3fb5a89e wp-block-column-is-layout-flow\" style=\"flex-basis:33.33%\">\n<figure class=\"wp-block-image size-large\"><img decoding=\"async\" src=\"https:\/\/nepec.cavg.ifsul.edu.br\/wp-content\/themes\/tainacan-interface\/assets\/images\/thumbnail_placeholder.png\" alt=\"\" class=\"wp-image-152274\"\/><\/figure>\n<\/div>\n\n\n\n<div class=\"wp-block-column is-layout-flow wp-block-column-is-layout-flow\" style=\"flex-basis:33.33%\">\n<h2 class=\"wp-block-heading has-text-color\" style=\"color:#ffffff\">T\u00edtulo da sess\u00e3o<\/h2>\n\n\n\n<p class=\"has-normal-font-size\">Lorem ipsum dolor sit amet, consectetur adipiscing elit, sed do eiusmod tempor incididunt ut labore et dolore magna aliqua. Ut enim ad minim veniam, quis nostrud exercitation ullamco laboris nisi ut aliquip ex ea commodo consequat. Duis aute irure dolor in reprehenderit in voluptate velit esse cillum dolore eu fugiat nulla pariatur. Excepteur sint occaecat cupidatat non proident, sunt in culpa qui officia deserunt mollit anim id est laborum.<\/p>\n<\/div>\n\n\n\n<div class=\"wp-block-column is-layout-flow wp-block-column-is-layout-flow\" style=\"flex-basis:33.33%\">\n<p class=\"has-normal-font-size\">Sed at orci ex. Nulla pulvinar, lorem vel eleifend maximus, nunc elit porta felis, id placerat orci dui sit amet ligula. Mauris fermentum dui quam, eget blandit ligula vulputate sit amet. Integer aliquet eget urna ac tempor. Nunc viverra faucibus magna ac aliquet. Integer ullamcorper lacinia elit quis gravida. Duis placerat pulvinar arcu nec faucibus. Sed sit amet enim iaculis, facilisis est non, venenatis nibh.<\/p>\n\n\n\n<p class=\"has-text-align-right has-white-color has-text-color\"><p class=\"has-text-align-right has-text-color\" style=\"color:#ffffff\"><a href=\"\/\"> Veja mais&#8230;<\/a><\/p><\/p>\n<\/div>\n<\/div>\n<\/div>\n<\/div><\/div>\n\n\n\n<div class=\"wp-block-cover alignfull is-light\" style=\"padding-top:28px;padding-bottom:28px\"><span aria-hidden=\"true\" class=\"wp-block-cover__background has-default-background-color has-background-dim-100 has-background-dim\"><\/span><div class=\"wp-block-cover__inner-container is-layout-flow wp-block-cover-is-layout-flow\">\n<div class=\"wp-block-group is-layout-constrained wp-block-group-is-layout-constrained\">\n<h2 class=\"wp-block-heading has-text-color\" style=\"color:#ffffff\">T\u00edtulo da sess\u00e3o<\/h2>\n\n\n\n<div class=\"wp-block-columns has-text-color is-layout-flex wp-container-core-columns-is-layout-08efaafb wp-block-columns-is-layout-flex\" style=\"color:#ffffff\">\n<div class=\"wp-block-column is-layout-flow wp-block-column-is-layout-flow\" style=\"flex-basis:33.33%\">\n<figure class=\"wp-block-image size-large\"><img decoding=\"async\" src=\"https:\/\/nepec.cavg.ifsul.edu.br\/wp-content\/themes\/tainacan-interface\/assets\/images\/thumbnail_placeholder.png\" alt=\"\" class=\"wp-image-152274\"\/><\/figure>\n<\/div>\n\n\n\n<div class=\"wp-block-column is-layout-flow wp-block-column-is-layout-flow\" style=\"flex-basis:66.66%\">\n<p class=\"has-normal-font-size\">Lorem ipsum dolor sit amet, consectetur adipiscing elit, sed do eiusmod tempor incididunt ut labore et dolore magna aliqua. Ut enim ad minim veniam, quis nostrud exercitation ullamco laboris nisi ut aliquip ex ea commodo consequat. Duis aute irure dolor in reprehenderit in voluptate velit esse cillum dolore eu fugiat nulla pariatur. Excepteur sint occaecat cupidatat non proident, sunt in culpa qui officia deserunt mollit anim id est laborum.<\/p>\n\n\n\n<p class=\"has-text-align-right has-text-color\" style=\"color:#ffffff\"><a href=\"\/\"> Veja mais&#8230;<\/a><\/p>\n<\/div>\n<\/div>\n<\/div>\n<\/div><\/div>\n","protected":false},"excerpt":{"rendered":"","protected":false},"author":1,"featured_media":0,"parent":0,"menu_order":0,"comment_status":"closed","ping_status":"closed","template":"","meta":{"footnotes":""},"class_list":["post-39","page","type-page","status-publish","hentry"],"_links":{"self":[{"href":"https:\/\/nepec.cavg.ifsul.edu.br\/index.php\/wp-json\/wp\/v2\/pages\/39","targetHints":{"allow":["GET"]}}],"collection":[{"href":"https:\/\/nepec.cavg.ifsul.edu.br\/index.php\/wp-json\/wp\/v2\/pages"}],"about":[{"href":"https:\/\/nepec.cavg.ifsul.edu.br\/index.php\/wp-json\/wp\/v2\/types\/page"}],"author":[{"embeddable":true,"href":"https:\/\/nepec.cavg.ifsul.edu.br\/index.php\/wp-json\/wp\/v2\/users\/1"}],"replies":[{"embeddable":true,"href":"https:\/\/nepec.cavg.ifsul.edu.br\/index.php\/wp-json\/wp\/v2\/comments?post=39"}],"version-history":[{"count":24,"href":"https:\/\/nepec.cavg.ifsul.edu.br\/index.php\/wp-json\/wp\/v2\/pages\/39\/revisions"}],"predecessor-version":[{"id":299,"href":"https:\/\/nepec.cavg.ifsul.edu.br\/index.php\/wp-json\/wp\/v2\/pages\/39\/revisions\/299"}],"wp:attachment":[{"href":"https:\/\/nepec.cavg.ifsul.edu.br\/index.php\/wp-json\/wp\/v2\/media?parent=39"}],"curies":[{"name":"wp","href":"https:\/\/api.w.org\/{rel}","templated":true}]}}